{"id":479,"date":"2023-08-18T17:37:08","date_gmt":"2023-08-18T17:37:08","guid":{"rendered":"https:\/\/thereballingstore.com\/new\/?page_id=479"},"modified":"2023-09-20T23:21:23","modified_gmt":"2023-09-20T23:21:23","slug":"que-es-reballing","status":"publish","type":"page","link":"https:\/\/thereballingstore.com\/new\/que-es-reballing\/","title":{"rendered":"Que es reballing"},"content":{"rendered":"<div id=\"pl-479\"  class=\"panel-layout\" ><div id=\"pg-479-0\"  class=\"panel-grid panel-has-style\" ><div class=\"siteorigin-panels-stretch panel-row-style panel-row-style-for-479-0\" data-stretch-type=\"full\" ><div id=\"pgc-479-0-0\"  class=\"panel-grid-cell panel-grid-cell-empty\" ><\/div><div id=\"pgc-479-0-1\"  class=\"panel-grid-cell panel-grid-cell-mobile-last\" ><div id=\"panel-479-0-1-0\" class=\"so-panel widget widget_sow-headline panel-first-child panel-last-child\" data-index=\"0\" ><div\n\t\t\t\n\t\t\tclass=\"so-widget-sow-headline so-widget-sow-headline-default-88387d6caf28-479\"\n\t\t\t\n\t\t><div class=\"sow-headline-container \">\n\t\t\t\t\t\t\t<h2 class=\"sow-headline\">\n\t\t\t\t\t\tQue es el reballing\t\t\t\t\t\t<\/h2>\n\t\t\t\t\t\t<\/div>\n<\/div><\/div><\/div><div id=\"pgc-479-0-2\"  class=\"panel-grid-cell panel-grid-cell-empty\" ><\/div><\/div><\/div><div id=\"pg-479-1\"  class=\"panel-grid panel-no-style\" ><div id=\"pgc-479-1-0\"  class=\"panel-grid-cell panel-grid-cell-empty\" ><\/div><div id=\"pgc-479-1-1\"  class=\"panel-grid-cell panel-grid-cell-mobile-last\" ><div id=\"panel-479-1-1-0\" class=\"so-panel widget widget_sow-image panel-first-child panel-last-child\" data-index=\"1\" ><div\n\t\t\t\n\t\t\tclass=\"so-widget-sow-image so-widget-sow-image-default-1b8513c5f0f2-479\"\n\t\t\t\n\t\t>\n<div class=\"sow-image-container\">\n\t\t<img \n\tsrc=\"https:\/\/thereballingstore.com\/new\/wp-content\/uploads\/2023\/08\/reballing1.svg\" width=\"700\" height=\"500\" sizes=\"(max-width: 158px) 100vw, 158px\" style=\"width: 700px; height: 500px;\" alt=\"\" \t\tclass=\"so-widget-image\"\/>\n\t<\/div>\n\n<\/div><\/div><\/div><div id=\"pgc-479-1-2\"  class=\"panel-grid-cell panel-grid-cell-empty\" ><\/div><\/div><div id=\"pg-479-2\"  class=\"panel-grid panel-has-style\" ><div class=\"siteorigin-panels-stretch panel-row-style panel-row-style-for-479-2\" data-stretch-type=\"full\" ><div id=\"pgc-479-2-0\"  class=\"panel-grid-cell panel-grid-cell-empty\" ><\/div><div id=\"pgc-479-2-1\"  class=\"panel-grid-cell panel-grid-cell-mobile-last\" ><div id=\"panel-479-2-1-0\" class=\"so-panel widget widget_sow-editor panel-first-child\" data-index=\"2\" ><div\n\t\t\t\n\t\t\tclass=\"so-widget-sow-editor so-widget-sow-editor-base\"\n\t\t\t\n\t\t>\n<div class=\"siteorigin-widget-tinymce textwidget\">\n\t<p>El objetivo principal del reballing es volver a conectar correctamente las soldaduras y las esferas de soldadura en un chip, lo que puede ser necesario cuando se experimentan problemas de conexi\u00f3n debido a soldaduras defectuosas, desoldaduras parciales o problemas similares.<\/p>\n<p>Este proceso es especialmente com\u00fan en la reparaci\u00f3n de consolas de videojuegos, computadoras port\u00e1tiles y otros dispositivos electr\u00f3nicos en los que los componentes est\u00e1n expuestos a temperaturas y tensiones variables.<\/p>\n<p>Algunos problemas que pueden requerir reballing incluyen:<\/p>\n<\/div>\n<\/div><\/div><div id=\"panel-479-2-1-1\" class=\"so-panel widget widget_sow-editor\" data-index=\"3\" ><div class=\"so-rounded panel-widget-style panel-widget-style-for-479-2-1-1\" ><div\n\t\t\t\n\t\t\tclass=\"so-widget-sow-editor so-widget-sow-editor-base\"\n\t\t\t\n\t\t>\n<div class=\"siteorigin-widget-tinymce textwidget\">\n\t<ul>\n<li><strong><span style=\"color: #3366ff;\">Problemas de soldadura: <\/span><\/strong>Si las soldaduras en el chip est\u00e1n da\u00f1adas o defectuosas, pueden surgir problemas de conexi\u00f3n el\u00e9ctrica que afectan el funcionamiento del dispositivo.<\/li>\n<li><span style=\"color: #3366ff;\"><strong>Sobrecalentamiento: <\/strong><\/span>El sobrecalentamiento repetido puede debilitar las soldaduras y causar problemas de contacto. El reballing puede ser necesario para restaurar la conectividad.<\/li>\n<li><strong><span style=\"color: #3366ff;\">Bolas de soldadura da\u00f1adas:<\/span> <\/strong>En algunos casos, las esferas de soldadura en la parte inferior del chip pueden estar da\u00f1adas o desprendidas, lo que requiere volver a colocarlas adecuadamente.<\/li>\n<li><strong><span style=\"color: #3366ff;\">Componentes gr\u00e1ficos y procesadores:<\/span> <\/strong>En dispositivos como consolas de videojuegos y computadoras port\u00e1tiles, los chips gr\u00e1ficos y procesadores a menudo se someten a cargas intensivas, lo que puede llevar a problemas de soldadura y conexi\u00f3n.<\/li>\n<\/ul>\n<\/div>\n<\/div><\/div><\/div><div id=\"panel-479-2-1-2\" class=\"so-panel widget widget_sow-editor panel-last-child\" data-index=\"4\" ><div\n\t\t\t\n\t\t\tclass=\"so-widget-sow-editor so-widget-sow-editor-base\"\n\t\t\t\n\t\t>\n<div class=\"siteorigin-widget-tinymce textwidget\">\n\t<p>El proceso de reballing generalmente implica retirar el chip defectuoso de la placa base, limpiar las soldaduras viejas y da\u00f1adas, aplicar nuevas esferas de soldadura y luego volver a soldar el chip en su lugar.<\/p>\n<p>Es un procedimiento delicado que requiere equipos especializados y experiencia en soldadura electr\u00f3nica.<\/p>\n<\/div>\n<\/div><\/div><\/div><div id=\"pgc-479-2-2\"  class=\"panel-grid-cell panel-grid-cell-empty\" ><\/div><\/div><\/div><\/div>","protected":false},"excerpt":{"rendered":"<p>Que es el reballing El objetivo principal del reballing es volver a conectar correctamente las soldaduras y las esferas de soldadura en un chip, lo que puede ser necesario cuando se experimentan problemas de conexi\u00f3n debido a soldaduras defectuosas, desoldaduras parciales o problemas similares. Este proceso es especialmente com\u00fan en la reparaci\u00f3n de consolas de [&hellip;]<\/p>\n","protected":false},"author":1,"featured_media":0,"parent":0,"menu_order":2,"comment_status":"closed","ping_status":"closed","template":"","meta":{"_joinchat":[],"footnotes":""},"class_list":["post-479","page","type-page","status-publish","hentry","post"],"_links":{"self":[{"href":"https:\/\/thereballingstore.com\/new\/wp-json\/wp\/v2\/pages\/479","targetHints":{"allow":["GET"]}}],"collection":[{"href":"https:\/\/thereballingstore.com\/new\/wp-json\/wp\/v2\/pages"}],"about":[{"href":"https:\/\/thereballingstore.com\/new\/wp-json\/wp\/v2\/types\/page"}],"author":[{"embeddable":true,"href":"https:\/\/thereballingstore.com\/new\/wp-json\/wp\/v2\/users\/1"}],"replies":[{"embeddable":true,"href":"https:\/\/thereballingstore.com\/new\/wp-json\/wp\/v2\/comments?post=479"}],"version-history":[{"count":46,"href":"https:\/\/thereballingstore.com\/new\/wp-json\/wp\/v2\/pages\/479\/revisions"}],"predecessor-version":[{"id":563,"href":"https:\/\/thereballingstore.com\/new\/wp-json\/wp\/v2\/pages\/479\/revisions\/563"}],"wp:attachment":[{"href":"https:\/\/thereballingstore.com\/new\/wp-json\/wp\/v2\/media?parent=479"}],"curies":[{"name":"wp","href":"https:\/\/api.w.org\/{rel}","templated":true}]}}